{"id":1790,"date":"2023-07-28T15:58:54","date_gmt":"2023-07-28T13:58:54","guid":{"rendered":"https:\/\/anthonyucci.com\/AtelierTulipeNoire\/?page_id=1790"},"modified":"2023-08-03T11:08:40","modified_gmt":"2023-08-03T09:08:40","slug":"formulaire-reservation-produit","status":"publish","type":"page","link":"https:\/\/anthonyucci.com\/AtelierTulipeNoire\/formulaire-reservation-produit\/","title":{"rendered":"Formularie r\u00e9servation produit"},"content":{"rendered":"<style>.kadence-column_7d2eb3-f2, .kt-inside-inner-col > .kadence-column_7d2eb3-f2:not(.specificity){margin-bottom:var(--global-kb-spacing-3xl, 6.5rem);}.kadence-column_7d2eb3-f2 > .kt-inside-inner-col{padding-right:var(--global-kb-spacing-xl, 4rem);padding-left:var(--global-kb-spacing-xl, 4rem);}.kadence-column_7d2eb3-f2 > .kt-inside-inner-col,.kadence-column_7d2eb3-f2 > .kt-inside-inner-col:before{border-top-left-radius:0px;border-top-right-radius:0px;border-bottom-right-radius:0px;border-bottom-left-radius:0px;}.kadence-column_7d2eb3-f2 > .kt-inside-inner-col:before{opacity:0.3;}.kadence-column_7d2eb3-f2{position:relative;}@media all and (max-width: 1024px){.kadence-column_7d2eb3-f2 > .kt-inside-inner-col{padding-right:var(--global-kb-spacing-md, 2rem);padding-left:var(--global-kb-spacing-md, 2rem);}}@media all and (max-width: 767px){.kadence-column_7d2eb3-f2 > .kt-inside-inner-col{padding-right:var(--global-kb-spacing-xs, 1rem);padding-left:var(--global-kb-spacing-xs, 1rem);}}<\/style>\n<div class=\"wp-block-kadence-column kadence-column_7d2eb3-f2\"><div class=\"kt-inside-inner-col\"><style>.wp-block-kadence-advancedheading.kt-adv-heading_4900ec-74, .wp-block-kadence-advancedheading.kt-adv-heading_4900ec-74[data-kb-block=\"kb-adv-heading_4900ec-74\"]{margin-top:var(--global-kb-spacing-xxl, 5rem);margin-bottom:var(--global-kb-spacing-xl, 4rem);text-align:center;font-size:var(--global-kb-font-size-xl, 3rem);font-weight:400;font-style:normal;font-family:Montserrat;}.wp-block-kadence-advancedheading.kt-adv-heading_4900ec-74 mark, .wp-block-kadence-advancedheading.kt-adv-heading_4900ec-74[data-kb-block=\"kb-adv-heading_4900ec-74\"] mark{font-style:normal;color:#f76a0c;padding-top:0px;padding-right:0px;padding-bottom:0px;padding-left:0px;}<\/style>\n<h2 class=\"kt-adv-heading_4900ec-74 wp-block-kadence-advancedheading\" data-kb-block=\"kb-adv-heading_4900ec-74\">Formulaire de r\u00e9servation d&rsquo;article<\/h2>\n\n\n\n<div style=\"display: flex; flex-wrap: wrap; justify-content: center; margin-bottom: 80px\">\n    <div style=\"flex: 1; min-width: 300px; display: flex; justify-content: center; align-items: center; margin: 0 100px 50px;\">\n        <div style=\"padding: 30px 0 0 30px; background-color: #BCCFB5;\">\n<span style=\"text-align: center; color:white; font-family: Montserrat; font-weight: normal; font-size: 30px;\">Informations importantes:<\/span>\n<div style=\"background-color: white; padding: 30px; filter: drop-shadow(0 0 0.75rem rgb(150,150,150)); position:relative; top: 20px; left: 20px\"><p>\nAvant de passer votre r\u00e9servation, veuillez prendre en compte les informations suivantes :<br><br>\n\n&#8211; Veuillez indiquer si vous souhaitez <span style=\"font-weight:bold\">vous faire livrer<\/span> ou <span style=\"font-weight:bold\">venir chercher l&rsquo;article en magasin<\/span>.<br><br>\n&#8211; Nos stocks sont mis \u00e0 jour <span style=\"font-weight:bold\">tous les matins<\/span>, il se peut que l&rsquo;article ne soit plus disponible au moment de votre demande.<br><br>\n&#8211; Les modalit\u00e9s de paiement seront envoy\u00e9es par e-mail en <span style=\"font-weight:bold\">r\u00e9ponse \u00e0 votre demande de r\u00e9servation<\/span>.<br><br>\n&#8211; Le <span style=\"font-weight:bold\">prix de la livraison<\/span> sera communiqu\u00e9 dans le mail de r\u00e9ponse et d\u00e9pendra de la distance.<br><br><br>\n\n\nAssurez-vous de consulter notre <a href=\"#\" style=\"color: #004F98;\">politique d&rsquo;achat et de retour<\/a> avant de valider votre r\u00e9servation.<br><\/p><\/div>\n<\/div>\n            \n\n        <\/p>\n    <\/div>\n    <div id=\"single-product-info-container\" style=\"flex: 1; min-width: 300px; display: flex; justify-content: center; align-items: center; margin: 0 25px 50px;\"><\/div>\n<\/div>\n\n\n<style>.kadence-column_6dec94-8e > .kt-inside-inner-col{padding-right:var(--global-kb-spacing-xl, 4rem);padding-left:var(--global-kb-spacing-xl, 4rem);}.kadence-column_6dec94-8e > .kt-inside-inner-col,.kadence-column_6dec94-8e > .kt-inside-inner-col:before{border-top-left-radius:0px;border-top-right-radius:0px;border-bottom-right-radius:0px;border-bottom-left-radius:0px;}.kadence-column_6dec94-8e > .kt-inside-inner-col:before{opacity:0.3;}.kadence-column_6dec94-8e{position:relative;}@media all and (max-width: 1024px){.kadence-column_6dec94-8e > .kt-inside-inner-col{padding-right:var(--global-kb-spacing-md, 2rem);padding-bottom:var(--global-kb-spacing-md, 2rem);}}@media all and (max-width: 767px){.kadence-column_6dec94-8e > .kt-inside-inner-col{padding-right:var(--global-kb-spacing-sm, 1.5rem);padding-left:var(--global-kb-spacing-sm, 1.5rem);}}<\/style>\n<div class=\"wp-block-kadence-column kadence-column_6dec94-8e\"><div class=\"kt-inside-inner-col\"><div class=\"forminator-ui forminator-custom-form forminator-custom-form-1792 forminator-design--material  forminator_ajax\" data-forminator-render=\"0\" data-form=\"forminator-module-1792\" data-uid=\"69e020e028e26\"><br\/><\/div><form\n\t\t\t\tid=\"forminator-module-1792\"\n\t\t\t\tclass=\"forminator-ui forminator-custom-form forminator-custom-form-1792 forminator-design--material  forminator_ajax\"\n\t\t\t\tmethod=\"post\"\n\t\t\t\tdata-forminator-render=\"0\"\n\t\t\t\tdata-form-id=\"1792\"\n\t\t\t\t data-color-option=\"default\" data-design=\"material\" data-grid=\"open\" style=\"display: none;\"\n\t\t\t\tdata-uid=\"69e020e028e26\"\n\t\t\t><div role=\"alert\" aria-live=\"polite\" class=\"forminator-response-message forminator-error\" aria-hidden=\"true\"><\/div><div class=\"forminator-row\"><div id=\"name-1\" class=\"forminator-field-name forminator-col forminator-col-6 \"><div class=\"forminator-field\"><label for=\"forminator-field-name-1_69e020e028e26\" id=\"forminator-field-name-1_69e020e028e26-label\" class=\"forminator-label\">Nom <span class=\"forminator-required\">*<\/span><\/label><input type=\"text\" name=\"name-1\" value=\"\" placeholder=\"\" id=\"forminator-field-name-1_69e020e028e26\" class=\"forminator-input forminator-name--field\" aria-required=\"true\" autocomplete=\"name\" \/><\/div><\/div><div id=\"name-2\" class=\"forminator-field-name forminator-col forminator-col-6 \"><div class=\"forminator-field\"><label for=\"forminator-field-name-2_69e020e028e26\" id=\"forminator-field-name-2_69e020e028e26-label\" class=\"forminator-label\">Pr\u00e9nom <span class=\"forminator-required\">*<\/span><\/label><input type=\"text\" name=\"name-2\" value=\"\" placeholder=\"\" id=\"forminator-field-name-2_69e020e028e26\" class=\"forminator-input forminator-name--field\" aria-required=\"true\" autocomplete=\"name\" \/><\/div><\/div><\/div><div class=\"forminator-row\"><div id=\"email-1\" class=\"forminator-field-email forminator-col forminator-col-12 \"><div class=\"forminator-field\"><label for=\"forminator-field-email-1_69e020e028e26\" id=\"forminator-field-email-1_69e020e028e26-label\" class=\"forminator-label\">Email <span class=\"forminator-required\">*<\/span><\/label><input type=\"email\" name=\"email-1\" value=\"\" placeholder=\"\" id=\"forminator-field-email-1_69e020e028e26\" class=\"forminator-input forminator-email--field\" data-required=\"1\" aria-required=\"true\" autocomplete=\"email\" \/><\/div><\/div><\/div><div class=\"forminator-row\"><div id=\"phone-1\" class=\"forminator-field-phone forminator-col forminator-col-12 \"><div class=\"forminator-field\"><label for=\"forminator-field-phone-1_69e020e028e26\" id=\"forminator-field-phone-1_69e020e028e26-label\" class=\"forminator-label\">T\u00e9l\u00e9phone<\/label><input type=\"text\" name=\"phone-1\" value=\"\" placeholder=\"Ex: +32 491 23 45 67\" id=\"forminator-field-phone-1_69e020e028e26\" class=\"forminator-input forminator-field--phone\" data-required=\"\" aria-required=\"false\" autocomplete=\"off\" \/><\/div><\/div><\/div><div class=\"forminator-row\"><div id=\"radio-1\" class=\"forminator-field-radio forminator-col forminator-col-12 \"><div role=\"radiogroup\" class=\"forminator-field\" aria-labelledby=\"forminator-radiogroup-radio-1-69e020e028e26-label\"><span id=\"forminator-radiogroup-radio-1-69e020e028e26-label\" class=\"forminator-label\">Livraison <span class=\"forminator-required\">*<\/span><\/span><label id=\"forminator-field-radio-1-label-1\" for=\"forminator-field-radio-1-1-69e020e028e26\" class=\"forminator-radio\" title=\"Non, j&#039;irai chercher l&#039;article en magasin\"><input type=\"radio\" name=\"radio-1\" value=\"no-delivery\" id=\"forminator-field-radio-1-1-69e020e028e26\" aria-labelledby=\"forminator-field-radio-1-label-1\" data-calculation=\"0\"   data-hidden-behavior=\"zero\"\/><span class=\"forminator-radio-bullet\" aria-hidden=\"true\"><\/span><span class=\"forminator-radio-label\">Non, j'irai chercher l'article en magasin<\/span><\/label><label id=\"forminator-field-radio-1-label-2\" for=\"forminator-field-radio-1-2-69e020e028e26\" class=\"forminator-radio\" title=\"Oui, je souhaite me faire livrer\"><input type=\"radio\" name=\"radio-1\" value=\"yes-delivery\" id=\"forminator-field-radio-1-2-69e020e028e26\" aria-labelledby=\"forminator-field-radio-1-label-2\" data-calculation=\"0\"   data-hidden-behavior=\"zero\"\/><span class=\"forminator-radio-bullet\" aria-hidden=\"true\"><\/span><span class=\"forminator-radio-label\">Oui, je souhaite me faire livrer<\/span><\/label><\/div><\/div><\/div><div class=\"forminator-row\"><div id=\"address-1\" class=\"forminator-field-address forminator-col forminator-col-12 \"><div class=\"forminator-row\"><div id=\"address-1-street_address\" class=\"forminator-col\"><div class=\"forminator-field\"><label for=\"forminator-field-address-1-street_address_69e020e028e26\" id=\"forminator-field-address-1-street_address_69e020e028e26-label\" class=\"forminator-label\">Adresse <span class=\"forminator-required\">*<\/span><\/label><input type=\"text\" name=\"address-1-street_address\" placeholder=\"Ex: Rue Jean Dupont n\u00b024 4000 Li\u00e8ge\" id=\"forminator-field-address-1-street_address_69e020e028e26\" class=\"forminator-input\" data-required=\"1\" aria-required=\"true\" autocomplete=\"address-line1\" value=\"\" \/><\/div><\/div><\/div><\/div><\/div><div class=\"forminator-row\"><div id=\"textarea-1\" class=\"forminator-field-textarea forminator-col forminator-col-12 \"><div class=\"forminator-field\"><label for=\"forminator-field-textarea-1_69e020e028e26\" id=\"forminator-field-textarea-1_69e020e028e26-label\" class=\"forminator-label\">Commentaires<\/label><textarea name=\"textarea-1\" placeholder=\"Vos commentaires\" id=\"forminator-field-textarea-1_69e020e028e26\" class=\"forminator-textarea\" rows=\"6\" style=\"min-height:140px;\" maxlength=\"500\" ><\/textarea><span id=\"forminator-field-textarea-1_69e020e028e26-description\" class=\"forminator-description\"><span data-limit=\"500\" data-type=\"characters\" data-editor=\"\">0 \/ 500<\/span><\/span><\/div><\/div><\/div><div class=\"forminator-row forminator-hidden\"><div id=\"hidden-1\" class=\"forminator-field-hidden  forminator-col-12  product-id-field\"><input type=\"hidden\" id=\"hidden-1_69e020e028e26\" class=\"product-id-field\" name=\"hidden-1\" value=\"\" \/><\/div><\/div><div class=\"forminator-row forminator-hidden\"><div id=\"hidden-2\" class=\"forminator-field-hidden  forminator-col-12 \"><input type=\"hidden\" id=\"hidden-2_69e020e028e26\" name=\"hidden-2\" value=\"\" \/><\/div><\/div><div class=\"forminator-row forminator-hidden\"><div id=\"hidden-3\" class=\"forminator-field-hidden  forminator-col-12 \"><input type=\"hidden\" id=\"hidden-3_69e020e028e26\" name=\"hidden-3\" value=\"\" \/><\/div><\/div><input type=\"hidden\" name=\"referer_url\" value=\"\" \/><div class=\"forminator-row forminator-row-last\"><div class=\"forminator-col\"><div class=\"forminator-field\"><button class=\"forminator-button forminator-button-submit\"><span>Envoyer<\/span><span aria-hidden=\"true\"><\/span><\/button><\/div><\/div><\/div><input type=\"hidden\" id=\"forminator_nonce\" name=\"forminator_nonce\" value=\"e11c5d91c7\" \/><input type=\"hidden\" name=\"_wp_http_referer\" value=\"\/AtelierTulipeNoire\/wp-json\/wp\/v2\/pages\/1790\" \/><input type=\"hidden\" name=\"form_id\" value=\"1792\"><input type=\"hidden\" name=\"page_id\" value=\"1790\"><input type=\"hidden\" name=\"form_type\" value=\"default\"><input type=\"hidden\" name=\"current_url\" value=\"https:\/\/anthonyucci.com\/AtelierTulipeNoire\/formulaire-reservation-produit\/\"><input type=\"hidden\" name=\"render_id\" value=\"0\"><input type=\"hidden\" name=\"action\" value=\"forminator_submit_form_custom-forms\"><\/form>\n<\/div><\/div>\n<\/div><\/div>\n","protected":false},"excerpt":{"rendered":"<p>Formulaire de r\u00e9servation d&rsquo;article Informations importantes: Avant de passer votre r\u00e9servation, veuillez prendre en compte les informations suivantes : &#8211; Veuillez indiquer si vous souhaitez vous faire livrer ou venir chercher l&rsquo;article en magasin. &#8211; Nos stocks sont mis \u00e0 jour tous les matins, il se peut que l&rsquo;article ne soit plus disponible au moment&#8230;<\/p>\n","protected":false},"author":1,"featured_media":0,"parent":0,"menu_order":0,"comment_status":"closed","ping_status":"closed","template":"","meta":{"_kad_post_transparent":"disable","_kad_post_title":"hide","_kad_post_layout":"fullwidth","_kad_post_sidebar_id":"","_kad_post_content_style":"","_kad_post_vertical_padding":"hide","_kad_post_feature":"","_kad_post_feature_position":"","_kad_post_header":false,"_kad_post_footer":false,"_vp_format_video_url":"","_vp_image_focal_point":[],"footnotes":""},"class_list":["post-1790","page","type-page","status-publish","hentry"],"_links":{"self":[{"href":"https:\/\/anthonyucci.com\/AtelierTulipeNoire\/wp-json\/wp\/v2\/pages\/1790","targetHints":{"allow":["GET"]}}],"collection":[{"href":"https:\/\/anthonyucci.com\/AtelierTulipeNoire\/wp-json\/wp\/v2\/pages"}],"about":[{"href":"https:\/\/anthonyucci.com\/AtelierTulipeNoire\/wp-json\/wp\/v2\/types\/page"}],"author":[{"embeddable":true,"href":"https:\/\/anthonyucci.com\/AtelierTulipeNoire\/wp-json\/wp\/v2\/users\/1"}],"replies":[{"embeddable":true,"href":"https:\/\/anthonyucci.com\/AtelierTulipeNoire\/wp-json\/wp\/v2\/comments?post=1790"}],"version-history":[{"count":101,"href":"https:\/\/anthonyucci.com\/AtelierTulipeNoire\/wp-json\/wp\/v2\/pages\/1790\/revisions"}],"predecessor-version":[{"id":2017,"href":"https:\/\/anthonyucci.com\/AtelierTulipeNoire\/wp-json\/wp\/v2\/pages\/1790\/revisions\/2017"}],"wp:attachment":[{"href":"https:\/\/anthonyucci.com\/AtelierTulipeNoire\/wp-json\/wp\/v2\/media?parent=1790"}],"curies":[{"name":"wp","href":"https:\/\/api.w.org\/{rel}","templated":true}]}}